at are the prime factors of 73870?
2, 5, 83, 89
List the prime factors of 1947118.
2, 29, 59, 569
What are the prime factors of 1996946?
2, 7, 41, 71
What are the prime factors of 957583?
11, 263, 331
What are the prime factors of 1058038?
2, 613, 863
List the prime factors of 116396.
2, 7, 4157
What are the prime factors of 2294218?
2, 17, 67477
List the prime factors of 141068.
2, 35267
What are the prime factors of 2158537?
73, 29569
List the prime factors of 322097.
322097
List the prime factors of 34048792.
2, 367, 11597
List the prime factors of 104971.
104971
List the prime factors of 10214515.
5, 223, 9161
What are the prime factors of 21374648?
2, 1279, 2089
List the prime factors of 11176025.
5, 7, 63863
List the prime factors of 364273.
7, 13, 4003
List the prime factors of 140899.
11, 12809
List the prime factors of 326894.
2, 73, 2239
List the prime factors of 1464128.
2, 22877
List the prime factors of 599188.
2, 163, 919
List the prime factors of 595515.
3, 5, 29, 37
List the prime factors of 1145864.
2, 43, 3331
What are the prime factors of 15075403?
7, 239, 9011
What are the prime factors of 4585060?
2, 5, 229253
What are the prime factors of 1286252?
2, 11, 23, 31, 41
What are the prime factors of 13085700?
2, 3, 5, 53, 823
What are the prime factors of 230704?
2, 14419
List the prime factors of 576323.
11, 433
List the prime factors of 309383.
17, 18199
List the prime factors of 10867764.
2, 3, 905647
What are the prime factors of 21612483?
3, 61, 39367
What are the prime factors of 1798253?
1798253
What are the prime factors of 2667077?
7, 381011
What are the prime factors of 926193?
3, 19, 16249
List the prime factors of 2153939.
2153939
What are the prime factors of 832911?
3, 277637
List the prime factors of 6842888.
2, 13, 19, 3463
What are the prime factors of 224748?
2, 3, 2081
What are the prime factors of 185576?
2, 23197
What are the prime factors of 22492289?
241, 93329
What are the prime factors of 954269?
954269
List the prime factors of 388383.
3, 129461
List the prime factors of 261794.
2, 13, 10069
What are the prime factors of 59815?
5, 7, 1709
What are the prime factors of 683293?
13, 52561
List the prime factors of 3594553.
19, 189187
List the prime factors of 966454.
2, 19, 29, 877
What are the prime factors of 124328?
2, 15541
List the prime factors of 238409.
29, 8221
What are the prime factors of 1445605?
5, 7, 103, 401
What are the prime factors of 10836405?
3, 5, 257, 937
List the prime factors of 3689984.
2, 7207
List the prime factors of 405666.
2, 3, 31, 727
List the prime factors of 2255681.
2255681
What are the prime factors of 31178678?
2, 601, 25939
What are the prime factors of 6519592?
2, 814949
List the prime factors of 910480.
2, 5, 19, 599
What are the prime factors of 331713?
3, 36857
What are the prime factors of 32056458?
2, 3, 7, 17, 19, 139
List the prime factors of 4673152.
2, 11, 3319
What are the prime factors of 737313?
3, 245771
What are the prime factors of 3240356?
2, 7, 115727
What are the prime factors of 6446892?
2, 3, 537241
List the prime factors of 3284970.
2, 3, 5, 13, 8423
What are the prime factors of 2292495?
3, 5, 152833
What are the prime factors of 800395?
5, 160079
What are the prime factors of 72873?
3, 2699
List the prime factors of 638068.
2, 269, 593
What are the prime factors of 850039?
89, 9551
What are the prime factors of 7892680?
2, 5, 23, 373
What are the prime factors of 7689589?
1009, 7621
List the prime factors of 641753.
7, 1871
List the prime factors of 16129892.
2, 41, 59, 1667
List the prime factors of 6711653.
13, 23, 22447
What are the prime factors of 4956863?
269, 18427
List the prime factors of 1584964.
2, 103, 3847
List the prime factors of 489090.
2, 3, 5, 7, 17, 137
What are the prime factors of 1319191?
1319191
List the prime factors of 122628.
2, 3, 11, 929
List the prime factors of 1970895.
3, 5, 17, 59, 131
List the prime factors of 699076.
2, 7, 24967
List the prime factors of 19722344.
2, 467, 5279
What are the prime factors of 6511417?
11, 59, 79, 127
List the prime factors of 1018018.
2, 37, 13757
What are the prime factors of 24991408?
2, 13, 53, 2267
What are the prime factors of 1522602?
2, 3, 84589
List the prime factors of 4226029.
37, 114217
List the prime factors of 77479.
77479
List the prime factors of 798860.
2, 5, 59, 677
List the prime factors of 1248003.
3, 23, 6029
List the prime factors of 761118.
2, 3, 47, 2699
What are the prime factors of 83121?
3, 103, 269
List the prime factors of 15649711.
7, 11, 19, 563
What are the prime factors of 1110890?
2, 5, 11, 10099
List the prime factors of 231639.
3, 77213
List the prime factors of 239291.
13, 79, 233
List the prime factors of 1340031.
3, 7, 11, 5801
What are the prime factors of 1103969?
37, 29837
List the prime factors of 656424.
2, 3, 1013
List the prime factors of 1436872.
2, 293, 613
List the prime factors of 857504.
2, 127, 211
What are the prime factors of 7440?
2, 3, 5, 31
What are the prime factors of 3747941?
1601, 2341
What are the prime factors of 6599731?
311, 21221
List the prime factors of 355319.
19, 18701
List the prime factors of 5383219.
23, 59, 3967
What are the prime factors of 2110721?
41, 51481
What are the prime factors of 5700888?
2, 3, 26393
List the prime factors of 58213.
23, 2531
List the prime factors of 20655752.
2, 13, 198613
List the prime factors of 3023945.
5, 19, 139, 229
What are the prime factors of 87739?
87739
What are the prime factors of 9435?
3, 5, 17, 37
List the prime factors of 14180897.
19, 746363
List the prime factors of 358252.
2, 89563
List the prime factors of 32137029.
3, 3570781
What are the prime factors of 2744530?
2, 5, 274453
List the prime factors of 520553.
11, 37, 1279
What are the prime factors of 3364425?
3, 5, 19, 787
List the prime factors of 4127903.
13, 311, 1021
List the prime factors of 19810820.
2, 5, 23, 43067
List the prime factors of 1485717.
3, 41, 47, 257
What are the prime factors of 18108628?
2, 4527157
List the prime factors of 6298369.
7, 11, 157, 521
List the prime factors of 4233143.
19, 31, 7187
What are the prime factors of 44386?
2, 22193
What are the prime factors of 283797?
3, 23, 457
What are the prime factors of 585004?
2, 7, 17, 1229
List the prime factors of 36785.
5, 7, 1051
List the prime factors of 4880929.
19, 37, 53, 131
What are the prime factors of 1617519?
3, 107, 5039
List the prime factors of 1654961.
7, 11, 21493
What are the prime factors of 3533030?
2, 5, 23, 15361
What are the prime factors of 4655902?
2, 2327951
What are the prime factors of 19377052?
2, 101, 47963
List the prime factors of 3751976.
2, 53, 8849
List the prime factors of 9149651.
7, 1307093
List the prime factors of 2538070.
2, 5, 353, 719
What are the prime factors of 14290417?
29, 571, 863
List the prime factors of 282523.
17, 16619
What are the prime factors of 165607?
13, 12739
What are the prime factors of 177511?
177511
List the prime factors of 65206.
2, 32603
What are the prime factors of 10424398?
2, 29, 191, 941
What are the prime factors of 11942392?
2, 7, 11, 19387
List the prime factors of 158388.
2, 3, 67, 197
What are the prime factors of 1811983?
1811983
List the prime factors of 2996680.
2, 5, 19, 3943
List the prime factors of 425891.
23, 18517
List the prime factors of 2010559.
2010559
List the prime factors of 22209659.
41, 541699
List the prime factors of 138156.
2, 3, 29, 397
What are the prime factors of 30147452?
2, 19, 37, 71, 151
What are the prime factors of 220369?
220369
What are the prime factors of 1281103?
17, 179, 421
List the prime factors of 564384.
2, 3, 5879
List the prime factors of 1726279.
167, 10337
List the prime factors of 311626.
2, 7, 22259
List the prime factors of 66352.
2, 11, 13, 29
List the prime factors of 301510.
2, 5, 11, 2741
What are the prime factors of 1527882?
2, 3, 254647
What are the prime factors of 330403?
139, 2377
What are the prime factors of 10623749?
379, 28031
List the prime factors of 13085281.
11, 19, 137, 457
What are the prime factors of 1441984?
2, 22531
What are the prime factors of 5913659?
173, 34183
List the prime factors of 2290620.
2, 3, 5, 38177
What are the prime factors of 162026?
2, 81013
List the prime factor